rime number?
False
Is 497863 a composite number?
True
Is 403 prime?
False
Is 2554 prime?
False
Is 28641 a prime number?
False
Is 145069 a prime number?
True
Is 636117 a composite number?
True
Is 38441 a prime number?
False
Is 17555 a prime number?
False
Is 39359 a prime number?
True
Is 44627 prime?
False
Is 41429 a prime number?
False
Is 29135 a composite number?
True
Is 2560823 a composite number?
False
Is 9197 prime?
False
Is 31817 composite?
False
Is 19297 a prime number?
False
Is 494435 prime?
False
Is 79923 composite?
True
Is 74299 prime?
False
Is 101883 a composite number?
True
Is 953171 a composite number?
False
Is 1290703 a prime number?
False
Is 619451 composite?
True
Is 65319 prime?
False
Is 28319 a composite number?
False
Is 24317 composite?
False
Is 180091 prime?
False
Is 847033 a prime number?
False
Is 27187 prime?
False
Is 19903 a prime number?
False
Is 205727 a prime number?
False
Is 2537 composite?
True
Is 5939 a prime number?
True
Is 374083 a prime number?
True
Is 96119 a prime number?
False
Is 89459 prime?
True
Is 2218 prime?
False
Is 66337 prime?
True
Is 2031 composite?
True
Is 6947 composite?
False
Is 24719 composite?
True
Is 11559 a prime number?
False
Is 5107 a prime number?
True
Is 30517 prime?
True
Is 302053 prime?
True
Is 72331 composite?
True
Is 21767 a composite number?
False
Is 6373 prime?
True
Is 79757 a prime number?
True
Is 417089 a composite number?
False
Is 659681 a prime number?
False
Is 15917 composite?
True
Is 1002679 a composite number?
False
Is 44819 a prime number?
True
Is 46353 composite?
True
Is 100121 composite?
True
Is 8419 prime?
True
Is 1283 composite?
False
Is 484639 a composite number?
False
Is 16333 prime?
True
Is 376357 composite?
True
Is 424699 a composite number?
True
Is 32483 a composite number?
True
Is 492523 a prime number?
True
Is 438647 a prime number?
False
Is 243769 prime?
True
Is 45581 composite?
True
Is 48017 composite?
False
Is 16001 composite?
False
Is 2042619 composite?
True
Is 5533 composite?
True
Is 1058843 a prime number?
False
Is 99163 a prime number?
False
Is 2542009 composite?
False
Is 177985 a prime number?
False
Is 200617 a composite number?
True
Is 97219 composite?
True
Is 56561 a prime number?
False
Is 515279 prime?
True
Is 2333 composite?
False
Is 8923 a prime number?
True
Is 196949 prime?
False
Is 134009 prime?
False
Is 14923 composite?
False
Is 115967 prime?
False
Is 85673 prime?
False
Is 14599 a prime number?
False
Is 5207 composite?
True
Is 2413 prime?
False
Is 322343 prime?
False
Is 280571 a composite number?
True
Is 19387 a prime number?
True
Is 52489 a composite number?
False
Is 62993 prime?
False
Is 11129 a composite number?
True
Is 37285 a composite number?
True
Is 270029 prime?
True
Is 221261 prime?
True
Is 8857 prime?
False
Is 102013 a composite number?
False
Is 6193123 composite?
False
Is 37441 a prime number?
True
Is 9349 composite?
False
Is 187441 prime?
True
Is 5941 a composite number?
True
Is 3359 a prime number?
True
Is 174619 composite?
True
Is 44771 prime?
True
Is 16162 composite?
True
Is 89758 composite?
True
Is 17467 composite?
False
Is 1706 a composite number?
True
Is 918187 a prime number?
False
Is 79603 prime?
False
Is 68369 composite?
True
Is 3734 prime?
False
Is 2437 prime?
True
Is 3847 prime?
True
Is 125131 a prime number?
True
Is 835039 a composite number?
False
Is 1869119 a composite number?
True
Is 62993 a prime number?
False
Is 10903 prime?
True
Is 1577479 a prime number?
True
Is 1039 composite?
False
Is 263 prime?
True
Is 2477 a composite number?
False
Is 67681 composite?
True
Is 27263 composite?
True
Is 930043 composite?
False
Is 13591 composite?
False
Is 1466291 a composite number?
False
Is 12471 composite?
True
Is 2285 a composite number?
True
Is 101391 a prime number?
False
Is 17609 a prime number?
True
Is 958 prime?
False
Is 55 composite?
True
Is 387577 a prime number?
True
Is 334021 a composite number?
False
Is 7323 a composite number?
True
Is 209669 a composite number?
False
Is 142351 prime?
False
Is 27179 a composite number?
False
Is 81817 prime?
True
Is 407 prime?
False
Is 18947 prime?
True
Is 11203 a prime number?
False
Is 21587 a composite number?
False
Is 13207 a composite number?
True
Is 35177 a prime number?
False
Is 239 composite?
False
Is 1867751 a prime number?
True
Is 185963 a prime number?
False
Is 8139 composite?
True
Is 40231 prime?
True
Is 169639 a composite number?
False
Is 5926 composite?
True
Is 34499 prime?
True
Is 2066309 a prime number?
False
Is 71963 a prime number?
True
Is 29242 a composite number?
True
Is 1358189 a prime number?
False
Is 19643 a composite number?
True
Is 54751 composite?
False
Is 2747 a composite number?
True
Is 837355 a composite number?
True
Is 758087 prime?
False
Is 51 a prime number?
False
Is 724297 composite?
True
Is 6107 a prime number?
False
Is 36037 prime?
True
Is 173363 prime?
False
Is 164821 composite?
False
Is 7411 a prime number?
True
Is 2443 composite?
True
Is 100091 composite?
True
Is 4353729 prime?
False
Is 643943 a prime number?
False
Is 82021 prime?
True
Is 455809 a composite number?
False
Is 477985 a prime number?
False
Is 24061 composite?
False
Is 270617 a prime number?
False
Is 6997 composite?
False
Is 9991 prime?
False
Is 985771 composite?
True
Is 1741 a prime number?
True
Is 16439 a prime number?
False
Is 26489 a prime number?
True
Is 2374 a composite number?
True
Is 271595 a composite number?
True
Is 3511 a prime number?
True
Is 346 a prime number?
False
Is 7633 a composite number?
True
Is 12151 prime?
False
Is 351959 composite?
False
Is 47431 composite?
False
Is 828493 a prime number?
False
Is 2099 a composite number?
False
Is 156241 composite?
False
Is 82309 composite?
True
Is 10643 a composite number?
True
Is 16411 prime?
True
Is 6931 a composite number?
True
Is 2390951 a composite number?
False
Is 155069 a composite number?
False
Is 821723 a composite number?
True
Is 4667101 composite?
False
Is 26242 composite?
True
Is 62039 prime?
True
Is 1361 a composite number?
False
Is 46727 a prime number?
True
Is 93319 composite?
False
Is 401757 prime?
False
Is 2366869 composite?
True
Is 367601 a prime number?
False
Is 555209 a composite number?
False
Is 17603 prime?
False
Is 75251 a composite number?
True
Is 1481 a prime number?
True
Is 21223 composite?
True
Is 30661 a prime number?
True
Is 61837 a prime number?
True
Is 81815 prime?
False
Is 2609 a prime number?
True
Is 71845 composite?
True
Is 586 prime?
False
Is 287579 a composite number?
False
Is 216457 a composite number?
True
Is 27647 a prime number?
True
Is 405155 prime?
False
Is 13751 a prime number?
True
Is 4187 prime?
False
Is 128361 a composite number?
True
Is 6065 a composite number?
True
Is 123043 a composite number?
True
Is 30019 a composite number?
True
Is 1494485 composite?
True
Is 8717 prime?
False
Is 11851 a prime number?
False
Is 44615 composite?
True
Is 544891 a composite number?
True
Is 140717 prime?
True
Is 3274 a composite number?
True
Is 8747 a prime number?
True
Is 13229 a composite number?
False
Is 142001 a composite number?
True
Is 17126 a prime number?
False
Is 25778 a prime number?
False
Is 1399 a prime number?
True
Is 528107 composite?
False
Is 9977 a prime number?
False
Is 20731 prime?
True
Is 12353 a composite number?
True
Is 3433 a composite number?
False
Is 685 prime?
False
Is 1387 composite?
True
Is 58841 a composite number?
True
Is 2122 a composite number?
True
Is 8053 composite?
False
Is 7349 a composite number?
False
Is 590183 prime?
False
Is 124577 composite?
False
Is 51 composite?
True
Is 47819 a composite number?
False
Is 192083 prime?
False
Is 3791 a composite number?
True
Is 30577 a composite number?
False
Is 7561 composite?
False
Is 432923 prime?
True
Is 23447 a prime number?
True
Is 3203 a prime number?
True
Is 10579 a prime number?
False
Is 7121 a composite number?
False
Is 19 composite?
False
Is 120277 prime?
True
Is 14695 a prime number?
False
Is 3197 a prime number?
False
Is 3669 prime?
False
Is 1293 composite?
True
Is 21419 composite?
False
Is 187849 composite?
True
Is 638569 a composite number?
True
Is 10102 a prime number?
False
Is 59333 a composite number?
False
Is 8879 composite?
True
Is 1459187 composite?
True
Is 4327 composite?
False
Is 8497 prime?
False
Is 2101 a pr